
151
Let o = 26 - -17. List the prime factors of o.
43
Let r = -9 + 7. List the prime factors of (r/(-4))/((-3)/(-102)).
17
Let l be (-56)/(6/(-3)) + 1. Let u = l + -12. What are the prime factors of u?
17
Suppose 0 = -0*f + f - 10. Suppose -38 = -3*v + f. What are the prime factors of v?
2
Let c(l) = 16*l - 12. List the prime factors of c(5).
2, 17
Suppose 2*a + 24 = 5*v, -v = 2*v - 2*a - 16. List the prime factors of v.
2
Let q = 3 - 6. Let u = 0 - q. Suppose -41 = -2*m - 5*c, 0*c - 17 = -2*m + u*c. List the prime factors of m.
13
Suppose -2*x + 195 = 3*s + 3*x, -x + 123 = 2*s. Suppose s = -5*y + 5*k, 10 = -3*k + 4. Let f = 29 + y. List the prime factors of f.
3, 5
Suppose -2*i = 4*a - 32, 10 - 58 = -3*i + 4*a. Let r = i + -5. List the prime factors of r.
11
Suppose f - 8 + 2 = 0. Let r be 116/f*3/2. Suppose 0 = 4*d + 5 - r. What are the prime factors of d?
2, 3
Suppose 0 = 2*i - 3*i + 84. What are the prime factors of i?
2, 3, 7
Let b(s) = s**2 + s. Let g(i) = 3*i**2 - 4*i + 4. Let d(j) = 2*b(j) - g(j). What are the prime factors of d(4)?
2
Let u(s) = 3*s. Let c be u(1). Let t = -4 + 8. Suppose 5*r - c + 1 = d, -2*d = -t*r - 2. What are the prime factors of d?
3
Let q(n) = -n**3 + 5*n**2 - 4*n. Let c be 19/7 - (-4)/14. List the prime factors of q(c).
2, 3
Let a = -3 - -2. List the prime factors of 10 - (a + -1)/1.
2, 3
What are the prime factors of (-66)/8*(-3 + (-7 - 2))?
3, 11
Let o(d) = 5*d**2 - 2*d + 1. Let w be o(1). Suppose 5 = 3*h - w. List the prime factors of h.
3
Let f be (1*(0 + 7))/1. Suppose 3*i - f = 29. List the prime factors of i.
2, 3
Let j = -34 - -73. What are the prime factors of j?
3, 13
Suppose -5*z + 2*f = -4*z - 40, -4*f = -4*z + 176. Suppose -5*g = -g - z. Let s = -7 + g. What are the prime factors of s?
5
Suppose 2*u = -3*u + 5*l + 15, -2*l = u - 9. Suppose -5 = o + 3*q, 0 = 2*o + q - 0*q - u. Suppose 0 = -g + 13 - o. List the prime factors of g.
3
Let p be 1 - 2 - (2 - 0). Let v = p - -6. Suppose -v*i + 31 = 2*d, 0 = 3*i + 5*d - 0*d - 37. What are the prime factors of i?
3
Let v be (-88)/(-14) + (-8)/28. Suppose 3*y - 45 = -v. List the prime factors of y.
13
Suppose -p = -2*p + 14. What are the prime factors of p?
2, 7
Let g(t) = 4 + 4*t + 2 - 5*t. Let n be g(-9). Suppose -1 = 3*c - 5*s, 13 = c + 4*s - n. What are the prime factors of c?
2
Let j be 0/((-4)/(-6)*-3). Suppose -4*s + 8 = j, 3*k + s = -s + 22. List the prime factors of k.
2, 3
Suppose -2*p + 110 = 3*b, -133 = -4*b - 3*p + 15. What are the prime factors of b?
2, 17
Suppose -41 = -4*t + 4*f - f, -2*t + f + 23 = 0. Suppose 4*a - 38 = -2*o, -a + 4*o - 32 = -5*a. Suppose -a*q + t = -9*q. List the prime factors of q.
7
Suppose -2*z = -2*l + 178, -2*l = 4*z + 2*l + 348. Let t = -23 - z. Suppose 2*i + 3*i = 5*s + t, -3*s + 51 = 3*i. What are the prime factors of i?
3, 5
Suppose 28 = -2*y + 6*y. Let h = 3 + y. List the prime factors of h.
2, 5
Suppose i - 2*d = -3*i + 26, 5*i - 4*d - 34 = 0. List the prime factors of i.
2, 3
Let a(y) = -y**2 - 6*y + 11. Suppose 0 = -2*w - 1 - 3. Let k(m) = 2*m**2 + 12*m - 21. Let d(u) = w*k(u) - 5*a(u). List the prime factors of d(-9).
2, 7
Let d be 1 + (1 - (0 + 9)). Let o(x) = -x**2 - 7*x + 4. Let t be o(d). Suppose -5*b = 3*f + 2*f - 50, t*f = 4*b + 24. What are the prime factors of f?
2
Let a(b) = 0*b + 4 - 3 + 0*b + 7*b**2. List the prime factors of a(1).
2
Suppose 0*i = i - 112. Suppose 4*v - i = 196. Suppose 5*a = 8 + v. List the prime factors of a.
17
Suppose -5*x + 8 + 22 = 0. Suppose 2*l + r = -3, -l + x + 9 = -5*r. Let v(s) = s**3 - s**2 + s + 15. List the prime factors of v(l).
3, 5
Let x(f) = 2*f**3 - 6*f**2 - 13*f + 26. What are the prime factors of x(6)?
2, 41
Let a(b) = -2*b**3 - 2 + 6*b**2 + 6*b**2 + 3 - 15*b**2. What are the prime factors of a(-3)?
2, 7
Suppose 0 = -98*f + 102*f - 456. What are the prime factors of f?
2, 3, 19
Let h = 85 - 24. Let r = -42 + h. List the prime factors of r.
19
Let v be (-7)/(-1 + (-7)/(-8)). Suppose 0 = 2*i - 6*i - v. Let m = 20 + i. What are the prime factors of m?
2, 3
Suppose 0 = -2*p + 33 - 13. List the prime factors of p.
2, 5
Suppose -81 = 7*l - 4*l. Let o = l + 46. Suppose -v + q = v - o, -4*q + 34 = 2*v. List the prime factors of v.
11
Let h be -2 - -2 - 45/(-1). What are the prime factors of 2/10 + 1071/h?
2, 3
Let i(m) = -m**3 + 9*m**2 - m + 11. Let q be i(9). Suppose -29 = -2*s - h, -3*s + h + 39 = -q*h. List the prime factors of s.
2, 7
Let i(z) be the third derivative of z**2 + 1/6*z**3 + 0 + 0*z + 1/6*z**4. What are the prime factors of i(2)?
3
Suppose 2*q + 29 = 5*j, -17 + 53 = 3*j + 5*q. Let s = j + -1. List the prime factors of (-13 + 1)*(-4)/s.
2
Let m be 0/1*1/2. Suppose m = -4*d - 0*d + 100. List the prime factors of d.
5
Let c(q) = -q + 2. Let s be c(-3). Let l(f) = f - 1. Let n be l(s). Let u(k) = k**2 - 4*k + 6. What are the prime factors of u(n)?
2, 3
List the prime factors of 4/(-4) + -1 + (141 - 0).
139
Let v = -5 + 9. Let n(l) = -3*l**2 + l + 4. Let z be n(v). List the prime factors of (12/(-5))/(12/z).
2
Suppose 5*r = -13 + 3. Let c = r + 5. What are the prime factors of c?
3
Suppose 0 = -8*u + 4*u + 996. Let k = u + -77. What are the prime factors of (-6)/21 - k/(-14)?
2, 3
Suppose b + 2*g + 18 = -b, 3*b = -2*g - 22. What are the prime factors of 1/b + (-45)/(-4)?
11
Suppose 0 = 8*x - 4*x - 104. What are the prime factors of x?
2, 13
Suppose 0 = -6*c + 4*c + 4. Suppose c*o + o + 4*z = 48, 64 = 4*o - 5*z. Suppose 0 = 5*w - 29 - o. What are the prime factors of w?
3
Suppose -2*m = m - 12. List the prime factors of m/18 + (-805)/(-63).
13
Let s be ((-6)/2 - -2)*-10. Suppose -2*f + 2*t = -5*f + 7, -3*f + t = -s. Suppose -g - f = -7. What are the prime factors of g?
2
Let f(h) = h**2 - 6*h + 4. Let l be f(4). List the prime factors of 12/(l/(24/(-9))).
2
Suppose 4*l + o - 4 = 0, 3*l - 4*l - 5*o = -20. Suppose -2 = -d - l*d. What are the prime factors of d?
2
Let n = -7 + 22. List the prime factors of 18/((n/2)/5).
2, 3
Let g = 13 + -18. Let y(n) = -n**3 - 5*n**2 - 6*n - 3. Let h be y(g). Suppose -4*v - x + h = 0, -x + 0*x + 3 = 0. What are the prime factors of v?
2, 3
Let a(h) be the first derivative of -h**3/3 - 9*h**2/2 - 4*h - 3. Let m be a(-7). Suppose 4*r - m = -2. List the prime factors of r.
2
Suppose -2*r = 5*g - 59, -3*r = r + 3*g - 125. What are the prime factors of r?
2
Let f = -5 + 5. Suppose j - k = -f*k + 29, -5*j = -k - 125. List the prime factors of j.
2, 3
Suppose 3*g - 16 - 5 = 0. Let y = 31 - g. What are the prime factors of y?
2, 3
Suppose 3*a = 298 - 16. What are the prime factors of a?
2, 47
Let f = 9 + -14. Let k(n) = -7*n**3 + 19*n**2 - 8*n. Let w(o) = 3*o**3 - 9*o**2 + 4*o. Let y(m) = -4*k(m) - 9*w(m). What are the prime factors of y(f)?
2, 5
Suppose 0*v + 63 = 2*f - v, 4*v + 4 = 0. What are the prime factors of f?
31
Let l(c) be the third derivative of 0*c + 0 + 1/6*c**3 - 1/8*c**4 - c**2. What are the prime factors of l(-3)?
2, 5
Suppose 5*f + 3*a - 4 + 3 = 0, 7 = -4*f - 5*a. List the prime factors of f*-1 - (-9 - 1).
2
Let l be 2/(-9) + 303/27. Suppose z + 0*z - l = 0. What are the prime factors of z?
11
Let b(a) = 20 + 0*a + 0*a + 2*a - a. List the prime factors of b(-10).
2, 5
Suppose 5*s = 7 + 33. Let q = s - 3. What are the prime factors of q?
5
Let l(q) = q**3 - 3*q**2 + 5*q + 10. List the prime factors of l(7).
241
Let v be 116/14 - (-6)/(-21). Suppose -3*b - v = -7*b. Suppose -3*s + b*s = -15. What are the prime factors of s?
3, 5
Let q = -4 + 3. Let s(n) = -12*n**3 + 2*n**2 + n. Let p be s(q). Suppose -5*u - 3 + p = 0. What are the prime factors of u?
2
Suppose 14*f = 352 + 1678. List the prime factors of f.
5, 29
Let n(r) = r**2 - 3*r - 5. Let v = 11 - 5. What are the prime factors of n(v)?
13
Let s = -85 + 212. List the prime factors of s.
127
Suppose -20 = -2*o - 2*d, -3*o + 6*d - 2*d = -23. Suppose 0*r + 4 = 4*r. Let i = o - r. What are the prime factors of i?
2
Suppose 0*p = -4*n + 3*p + 484, n = -p + 128. List the prime factors of n.
2, 31
Let b(u) = 0*u + u + 1 - 2*u. Let k be b(1). Let d(l) = l**3 - l**2 - l + 10. What are the prime factors of d(k)?
2, 5
Let c(x) = -x**2 - 9*x - 6. Let a be c(-8). Suppose -l - 29 = -a*l. List the prime factors of l.
29
Suppose 15 = 4*r - 3*r - 3*n, 4*n = 4*r - 60. List the